are the prime factors of b?
8011
Let v = -8 - 6. Let m(r) = 5*r**2 + 25*r + 174. List the prime factors of m(v).
2, 3, 67
Let f = -1146 + 46498. List the prime factors of f.
2, 5669
Suppose -5*p + 3*u = 6*u - 64073, -64071 = -5*p - u. List the prime factors of p.
2, 43, 149
Let v(p) = -p**3 + 32*p**2 - 12*p - 46. Let w be v(25). Let k = w + -2327. What are the prime factors of k?
2, 23, 37
Let b(r) = r**3 + 14*r**2 - 17*r. Let t be b(-15). Suppose -3*v = -9*v + t. Suppose 10*y = v*y + 220. What are the prime factors of y?
2, 11
Let b(j) = j - 13. Let y be b(11). Let u be 2*(1/y - -2). Suppose -u*s + 604 = 220. List the prime factors of s.
2
Suppose -3*u + 0*l + 14 = 4*l, -5*u + 20 = 5*l. Let n be (738/3)/3*4/u. Suppose -n = -2*r + 4*d, -274 - 160 = -5*r + 4*d. What are the prime factors of r?
2, 3, 5
Let x = 10102 - 1944. List the prime factors of x.
2, 4079
Let w be 165/(-22) - (-10)/4. What are the prime factors of (-1 - 6/w)/(3/12345)?
823
Let q be (-2)/6 + 2720/6. Let s = q + -259. What are the prime factors of s?
2, 97
Let i be 8238/30 - (-8)/20. Suppose 2*h - 1269 = -i. List the prime factors of h.
7, 71
What are the prime factors of (-1856430)/(-165) - (-1)/11*-1?
11251
Let c(q) = -68*q + 75. Let b = -116 + 109. What are the prime factors of c(b)?
19, 29
Suppose 76903 = 4*r + 3*p, r + 13*p = 10*p + 19219. What are the prime factors of r?
2, 11, 19, 23
Let y be -70*(-1 - 4/(-8))*1. Let r be 4/5 - (-42)/y. What are the prime factors of (-824)/(-18) - r/(-9)?
2, 23
Suppose -3*l + 3 = 0, 4*z - l - 35388 = -4281. What are the prime factors of z?
7, 11, 101
Let r be -6 - (0 - (-1 + 2)). Let h = r + 1. What are the prime factors of 46/(h - -6) + -4?
19
Suppose 12*c + 4572 = 21204. Suppose -15*f + 21*f = c. List the prime factors of f.
3, 7, 11
Suppose 0 = 17*r - 5*r + 84. Let k(q) = -18*q + 49. List the prime factors of k(r).
5, 7
Suppose 3*p + 0 - 24 = 0. Let m(o) be the first derivative of 17*o**2/2 - 26*o + 3171. What are the prime factors of m(p)?
2, 5, 11
Let z(j) = -j - 7. Let t be z(-8). Let a = -129 + 6. List the prime factors of ((-1)/3)/(t/a).
41
Let s be 56/(-8) + 9 - 131. What are the prime factors of 1/(-3) + (-12814)/s?
3, 11
Let n = -143 + 143. Suppose -3*j - 2*p - 2*p + 2108 = n, 0 = -j - 5*p + 721. List the prime factors of j.
2, 3, 29
Suppose 83 = 4*p - 389. Let m = p - 103. Let f = 140 - m. List the prime factors of f.
5
Suppose 4*q = -6*q + 50. Suppose -3 = -2*v - g, 2*v = 5*v - q*g - 24. Suppose 2*i + 45 = v*i - 4*f, -f = i - 65. What are the prime factors of i?
61
Let j = 62651 + -40001. List the prime factors of j.
2, 3, 5, 151
What are the prime factors of 4167 - (-9)/36*-32?
4159
Suppose -1222 = -2*k + 12836. List the prime factors of k.
3, 11, 71
Suppose -2023 = -2*y - i, y = 4*y + 5*i - 3031. Let m = y + -449. Suppose -m = -5*z - 2*p, -z + 4*p + 206 = z. List the prime factors of z.
3, 37
Let f be 3*((-40)/12 + 3). Let j be -2 - f*(1 + 1). Suppose j = 3*g - 9*g + 342. List the prime factors of g.
3, 19
Let s = 8246 - 5232. What are the prime factors of s?
2, 11, 137
Suppose 7*o + a - 141 = 3*o, 0 = 2*o - 3*a - 53. Suppose o*m - 1855 = 27*m. List the prime factors of m.
5, 53
Let n = -64 - -116. Suppose o + k = 911, 5*o + 51*k - 4555 = n*k. List the prime factors of o.
911
Let z(k) be the first derivative of -k**4 - 10*k**3/3 - 9*k - 7. Let g be z(-6). Suppose 3*v + m = 288, 2 + g = 5*v - 4*m. List the prime factors of v.
97
Let g = 4972 - 250. What are the prime factors of g?
2, 3, 787
Let s(l) = 8*l**3 - 9*l**2 - 7*l - 110. List the prime factors of s(10).
2, 5, 173
Suppose 122 = 5*c - 3*p, -3*c + 8*p = 4*p - 82. Suppose 0 = -9*j - c*j + 30907. List the prime factors of j.
997
Let z be 4299/12 - (-3)/4. Let c = 581 - z. What are the prime factors of c?
2, 3, 37
Let b = 4437 + 51475. List the prime factors of b.
2, 29, 241
Let j = 29493 + -16667. What are the prime factors of j?
2, 11, 53
Let i(x) = 29*x**2 - 8*x - 2. Let b be i(4). Let f = 187 + b. List the prime factors of f.
617
Let x(r) = -621*r**3 - 2*r**2 - r + 7. What are the prime factors of x(-2)?
4969
Let y be 0 - (2/(-6))/((-3)/(-36)). Suppose y = -u, -2*b - 2*u + 700 = -6*u. What are the prime factors of b?
2, 3, 19
Suppose 228965 + 827398 = 220*v + 49*v. List the prime factors of v.
3, 7, 11, 17
Let f = 57217 - 22553. What are the prime factors of f?
2, 7, 619
Let g(a) = -a - 8. Let c be g(-9). Suppose 4*y - c + 27 = 3*v, -3 = -3*y. List the prime factors of v.
2, 5
Let d be (-320)/(-50)*15/2. Suppose -d*u = -58*u + 2070. What are the prime factors of u?
3, 23
Suppose -o = -206 - 562. Suppose -4*r - 2*t - 3*t + 740 = 0, 0 = -4*r + 2*t + o. What are the prime factors of r?
2, 5, 19
Let h(c) = 387*c - 194. List the prime factors of h(19).
7159
Suppose 10*m - 30248 + 170448 = 30*m. What are the prime factors of m?
2, 5, 701
Suppose -29*h + 21384 = -5*h. Suppose 20*v = -7*v + h. What are the prime factors of v?
3, 11
Let r(w) = 18*w**2 - 95*w - 2036. What are the prime factors of r(-52)?
2, 3, 7, 307
Let g(z) = z**3 - 19*z**2 - 21*z + 35. Let y be g(20). Suppose 316 = 5*x - 2*r, 4*x + 10*r - 246 = y*r. What are the prime factors of x?
2
Let n(y) = 2*y**3 + 60*y**2 + 12*y - 46. Suppose -144*p = -142*p + 58. What are the prime factors of n(p)?
2, 7, 23
Suppose 3*d = -6193*y + 6194*y - 24133, 3*y - 5*d - 72399 = 0. List the prime factors of y.
24133
Let h be (-2 + 4 - 3)/(-1). Suppose -53*f = -7279 - 2314. What are the prime factors of ((-17)/(-17))/(h/f)?
181
Suppose 5*o - 194 = -3*t, -5*t + 8 - 30 = -o. Let j = o + 280. List the prime factors of j.
317
Let h = 12352 + -2916. List the prime factors of h.
2, 7, 337
Suppose -50 = -7*u - 3*u. Suppose 0 = 5*n - 25, u*x - n = -6*n + 4625. What are the prime factors of x?
2, 5, 23
Suppose 0 = -4*g + 4*d + 5 + 7, 4*d - 4 = 0. Suppose 3*r - 313 = -6*c + 2*c, -g*r = 20. What are the prime factors of c?
2, 41
Suppose 5*d = 5*j - 29070, 5*d - 7458 = -5*j + 21652. What are the prime factors of j?
2, 2909
Let g = 17001 + 11457. List the prime factors of g.
2, 3, 17, 31
Suppose 0*x + x - 4*y + 16 = 0, y - 4 = -4*x. Let j be 1 - ((-2)/1 - x). Suppose u - m = 155, -153 = -u + j*m - 4*m. What are the prime factors of u?
2, 7, 11
Suppose -72 = 2*j - 11*j. Suppose 4*h - 6*f + j*f - 254 = 0, 3*h - 5*f = 210. Suppose h*y - 560 = 60*y. List the prime factors of y.
2, 7
Let k(n) = -2*n**2 - 2*n. Let w be k(-1). Suppose -2*l - 2*o + 151 + 243 = w, -5*l + 4*o = -1003. What are the prime factors of l?
199
Suppose 3*s - 283 = -2*z, 0 = 4*z - 5*z - 5*s + 124. Suppose -y = 4*b - z, -7*y + 2*y + 653 = -3*b. What are the prime factors of y?
7, 19
Let w(h) = -h**2 + 4*h + 14. Let z be w(6). Let o be (-2)/(-4)*(-4 - -10). Suppose -z*s = 3*s - o*g - 765, 5*s + g - 745 = 0. What are the prime factors of s?
2, 3, 5
Let w(n) = 416*n + 1. Let x be w(-1). Let m = x + 542. What are the prime factors of m?
127
Let h = -18821 - -41915. List the prime factors of h.
2, 3, 1283
Let y = -3889 - -7780. What are the prime factors of y?
3, 1297
Let b(c) be the first derivative of 9*c**2/2 + 386*c - 17. Let p be b(0). Let m = p + -169. What are the prime factors of m?
7, 31
Let r(d) = 566*d - 7775. List the prime factors of r(63).
27883
Suppose -275*a + 4707191 = -3980200 - 7637984. What are the prime factors of a?
5, 31, 383
Let l(s) = 17*s - 31*s + 274 - 43. List the prime factors of l(-7).
7, 47
Suppose x + 5*h - 8697 = 0, 3*h = -9*x + 14*x - 43429. List the prime factors of x.
7, 17, 73
Suppose 0 = 11*m - 6*m + 7*y - 7958, 2*y = 4*m - 6374. List the prime factors of m.
3, 59
Let q(i) = 302*i**3 + 2*i**2 - 2*i + 1. Let h(k) be the second derivative of 2*k**3/3 - 87*k**2/2 - 8*k. Let s be h(22). What are the prime factors of q(s)?
3, 101
Let p be (-15 - -9) + 5*-4. Let z = 3 - 8. Let a = z - p. What are the prime factors of a?
3, 7
Let c be (-5)/(-2) - (0 + 2/(-4)). Suppose 0 = c*x + 172 + 5. Let i = -38 - x. List the prime factors of i.
3, 7
Let s(l) = -l**2 + l - 1. Let d(r) = -277*r**2 + 4*r - 6. Let j(n) = -d(n) + 5*s(n). Let w be j(-1). Let v = -175 + w. List the prime factors of v.
97
Let i(w) = 23*w**2 - w + 4. Let b(l) = 8*l**2 + 1. Let k(d) = 14*b(d) - 4*i(d). List the prime factors of k(2).
2, 43
Let s = 478 - -139. Suppose 3*v - s = 1696. Li